base 6) in base 15?
-40440
Convert 36658 (base 15) to base 14.
47370
2012221211202 (base 3) to base 12
48ab48
What is 100100010000101010010 (base 2) in base 16?
122152
What is 587b41 (base 14) in base 2?
1011100000110010001101
Convert -28689 (base 14) to base 11.
-69213
What is 115a00 (base 11) in base 9?
308712
What is -44003013 (base 5) in base 15?
-76358
Convert -4039a5 (base 11) to base 6.
-21530253
What is -133944 (base 10) in base 12?
-65620
Convert -12550413 (base 6) to base 14.
-ac877
1a4953 (base 11) to base 10
313932
-1301221 (base 6) to base 13
-25cb7
Convert -4001403124 (base 5) to base 10.
-7841039
46a555 (base 11) to base 5
142333100
16a2aa (base 11) to base 8
1000651
What is 1100011010010001000001 (base 2) in base 4?
30122101001
Convert -33024234 (base 7) to base 13.
-7810a7
-12a73d (base 15) to base 6
-31112104
-479a (base 16) to base 9
-27126
10151703 (base 8) to base 13
5a42c6
Convert 25043542 (base 7) to base 13.
608548
1202112001112 (base 3) to base 11
589817
2ed225 (base 15) to base 14
431d1a
Convert 10421215 (base 6) to base 2.
1001100101001001011
Convert -6dba9 (base 16) to base 8.
-1555651
What is 672a7 (base 11) in base 7?
554215
5546 (base 8) to base 11
2213
-32b774 (base 13) to base 10
-1196446
Convert -22b4507 (base 12) to base 6.
-355415211
What is 1011011010000100010 (base 2) in base 16?
5b422
What is -10202011211020 (base 3) in base 7?
-22633056
1011000111010011011 (base 2) to base 15
72d92
10121111201022 (base 3) to base 6
105045225
-116997 (base 11) to base 13
-661c0
6426a7 (base 11) to base 10
1028375
What is -101000011100110100 (base 2) in base 10?
-165684
Convert -6085aa (base 11) to base 6.
-32542143
Convert -14886698 (base 10) to base 15.
-1490d18
-100220003331 (base 4) to base 16
-4280fd
What is -3d73d7 (base 15) in base 4?
-23102311300
What is 10010100100000011100101 (base 2) in base 6?
252145021
2031301203 (base 4) to base 6
20240243
Convert -1130402131 (base 5) to base 16.
-2788c4
Convert 96768 (base 15) to base 4.
1310211230
85d74 (base 15) to base 14
b0bc9
-7727b (base 12) to base 2
-100110011110111111
-530506 (base 8) to base 3
-22222001100
What is 1040120 (base 5) in base 12?
a614
Convert -3997a (base 12) to base 4.
-103110232
630943 (base 14) to base 2
1100110000011010001111
Convert -100110111101011011011101 (base 2) to base 4.
-212331123131
What is -1433313023 (base 5) in base 9?
-7142522
Convert -3655025 (base 7) to base 2.
-1110010001001001000
16356 (base 10) to base 9
24383
-375243 (base 11) to base 8
-2205310
80873 (base 12) to base 2
101000110011010111
Convert 6e9277 (base 15) to base 3.
100222001122211
-10000100111111101001001 (base 2) to base 12
-1561b75
What is 11020200202 (base 3) in base 11?
57901
Convert -17658 (base 14) to base 3.
-2222202200
What is 1cde13 (base 15) in base 12?
5822a6
-2ab1c (base 14) to base 9
-172022
Convert -2143620 (base 7) to base 14.
-6bc10
What is -31517 (base 13) in base 8?
-255251
Convert 55739a (base 12) to base 6.
45054314
Convert 6dca3 (base 15) to base 3.
122210202200
-10071134 (base 8) to base 4
-20013021130
-5202316 (base 8) to base 6
-45305130
3331131020 (base 4) to base 9
1852062
32124 (base 7) to base 6
100500
Convert 210002222210 (base 3) to base 2.
1100101011100100100
594722 (base 11) to base 15
139714
What is -1306667 (base 8) in base 11?
-2294a2
-111010110100011111 (base 2) to base 6
-5055223
What is 8188763 (base 9) in base 16?
42ac71
Convert -23160561 (base 7) to base 12.
-81b7a6
-45116156 (base 8) to base 10
-9739374
What is -12a727 (base 11) in base 3?
-101101112210
What is 223362 (base 7) in base 9?
60330
Convert -1000001110010100 (base 2) to base 9.
-51176
Convert 100101000112111 (base 3) to base 2.
10010111111110111011110
What is -159a9 (base 16) in base 4?
-111212221
-2322232 (base 5) to base 9
-63780
21311 (base 8) to base 6
105121
What is -15a4795 (base 13) in base 15?
-92cca2
-1b62c2 (base 14) to base 8
-3565022
What is a7787 (base 14) in base 5?
100423414
-32550661 (base 7) to base 2
-1010101100001010000000
What is -14620077 (base 8) in base 4?
-30302000333
What is -1739031 (base 10) in base 2?
-110101000100100010111
Convert 2212000 (base 5) to base 4.
21113213
1230224034 (base 5) to base 4
23112300001
Convert -1709 (base 16) to base 8.
-13411
Convert 340271 (base 8) to base 11.
79340
Convert -1411402 (base 6) to base 14.
-20d2a
What is -1200200530 (base 6) in base 2?
-110011010100010110000110
What is 234021033 (base 6) in base 7?
52205304
-2311a (base 14) to base 8
-246444
What is 102049 (base 16) in base 10?
1056841
What is -1a1323 (base 11) in base 12?
-12ab10
Convert 1934291 (base 10) to base 7.
22304222
What is -21102212 (base 3) in base 4?
-1110233
Convert 1526168 (base 12) to base 4.
100111131200
-111000212110121 (base 3) to base 9
-14025417
-20120211010020 (base 3) to base 5
-1344000031
Convert 2333331 (base 4) to base 6.
132513
What is -73073c (base 13) in base 5?
-1141422333
Convert -503031 (base 7) to base 12.
-412a6
What is -1211112121011 (base 3) in base 16?
-ee105
327094 (base 14) to base 7
20350244
-33496 (base 10) to base 5
-2032441
7905a (base 14) to base 3
112220212100
2701773 (base 11) to base 14
898c6d
What is 99224 (base 11) in base 15?
2ca11
What is 44167 (base 12) in base 4?
111333133
-24ea8a (base 16) to base 7
-26364315
Convert 11001000010101000 (base 2) to base 13.
378bb
What is -1110111100000100011001 (base 2) in base 13?
-a715c2
-11000011101010000010110 (base 2) to base 3
-110001201122001
What is -2c9a58 (base 14) in base 5?
-400011444
What is -2242100 (base 6) in base 12?
-56330
-85931 (base 10) to base 16
-14fab
Convert 23230020 (base 4) to base 12.
23860
Convert -6494 (base 16) to base 5.
-1310443
Convert -146556032 (base 7) to base 2.
-100101100111111101001100
Convert 10011001110011101 (base 2) to base 14.
209ad
Convert 1111110110110000010110 (base 2) to base 14.
7a2a46
Convert 6a228 (base 11) to base 8.
306064
Convert -172304 (base 9) to base 16.
-1a0b9
What is -6202024 (base 7) in base 3?
-1101121101021
Convert -112436 (base 8) to base 16.
-951e
Convert 8b475 (base 14) to base 12.
1439bb
-1111111210022 (base 3) to base 5
-201003442
Convert 841270 (base 9) to base 5.
111441330
Convert 56d74 (base 14) to base 10.
211194
Convert 10224253 (base 6) to base 3.
120012012220
Convert b2769 (base 15) to base 6.
20041043
-a8434c (base 16) to base 9
-22666518
Convert 42341040 (base 5) to base 7.
3011142
-10010000110000110100011 (base 2) to base 9
-8828872
-104154345 (base 6) to base 15
-272732
What is -205967 (base 10) in base 9?
-343472
What is -1101000011110 (base 2) in base 4?
-1220132
What is -520bc (base 15) in base 10?
-260052
What is -58a79 (base 16) in base 2?
-1011000101001111001
-13322333 (base 5) to base 9
-226455
-1111101001110 (base 2) to base 4
-1331032
Convert 224590 (base 10) to base 3.
102102002011
-1113020031 (base 5) to base 6
-124535132
What is -1aa281 (base 11) in base 13?
-b3202
What is 82a36 (base 13) in base 16?
39479
What is 5544224 (base 6) in base 11?
1800a7
Convert -66854 (base 12) to base 13.
-49b97
What is -187240 (base 15) in base 5?
-301013020
Convert 244103124 (base 5) to base 3.
2011220221011
-382367 (base 12) to base 3
-1201112222221
Convert 6dc4 (base 14) to base 9.
28275
Convert -1222442 (base 5) to base 2.
-101101111001001
What is 325314022 (base 6) in base 14?
ac6930
What is 2220111100100 (base 3) in base 7?
16063245
Convert 1760646 (base 8) to base 7.
4250612
Convert -231123 (base 4) to base 7.
-11322
Convert 22972 (base 13) to base 15.
13a8a
Convert 22016654 (base 7) to base 15.
27426b
bc4a1c (base 13) to base 6
235035442
Convert 4473067 (base 10) to base 7.
53010004
What is -f1236 (base 16) in base 15?
-1479bc
What is -225772 (base 8) in base 14?
-1ddb4
Convert -37cd8a (base 14) to base 16.
-1d441e
What is 3302301311 (base 4) in base 6?
33151445
1e105 (base 15) to base 7
556010
-321013102 (base 4) to base 9
-385811
-c531e (base 15) to base 6
-21221515
-320131111 (base 5) to base 14
-269c65
What is 1747787 (base 9) in base 2?
11101110011110001001
-87509a (base 11) to base 3
-2122000020011
430250211 (base 6) to base 13
1755445
130301040 (base 5) to base 2
10011010111010011000
What is 22212571 (base 9) in base 15?
e26bc1
What is -14768084 (base 9) in base 12?
-257361a
